{"id":5554,"date":"2019-12-16T20:24:21","date_gmt":"2019-12-16T20:24:21","guid":{"rendered":"https:\/\/wordpress-theme.spider-themes.net\/docly\/?page_id=15"},"modified":"2025-10-10T04:16:49","modified_gmt":"2025-10-10T04:16:49","slug":"home-cool","status":"publish","type":"page","link":"https:\/\/xsynergymarketing.com\/","title":{"rendered":"Home"},"content":{"rendered":"\t\t<div data-elementor-type=\"wp-page\" data-elementor-id=\"5554\" class=\"elementor elementor-5554\">\n\t\t\t\t\t\t<section class=\"elementor-section elementor-top-section elementor-element elementor-element-2949887a elementor-section-full_width elementor-section-height-default elementor-section-height-default\" data-id=\"2949887a\" data-element_type=\"section\">\n\t\t\t\t\t\t<div class=\"elementor-container elementor-column-gap-no\">\n\t\t\t\t\t<div class=\"elementor-column elementor-col-100 elementor-top-column elementor-element elementor-element-41e68263\" data-id=\"41e68263\" data-element_type=\"column\">\n\t\t\t<div class=\"elementor-widget-wrap\">\n\t\t\t\t\t\t\t<\/div>\n\t\t<\/div>\n\t\t\t\t\t<\/div>\n\t\t<\/section>\n\t\t<div class=\"elementor-element elementor-element-13967533 e-flex e-con-boxed e-con e-parent\" data-id=\"13967533\" data-element_type=\"container\" data-settings=\"{&quot;background_background&quot;:&quot;video&quot;,&quot;background_video_link&quot;:&quot;https:\\\/\\\/xsynergymarketing.com\\\/wp-content\\\/uploads\\\/2025\\\/09\\\/Header-NEW.webm&quot;,&quot;background_video_start&quot;:0,&quot;background_play_on_mobile&quot;:&quot;yes&quot;}\">\n\t\t\t\t\t<div class=\"e-con-inner\">\n\t\t<div class=\"elementor-background-video-container\" aria-hidden=\"true\">\n\t\t\t\t\t\t\t<video class=\"elementor-background-video-hosted\" autoplay muted playsinline loop><\/video>\n\t\t\t\t\t<\/div>\t\t<div class=\"elementor-element elementor-element-41e8c883 elementor-widget elementor-widget-heading\" data-id=\"41e8c883\" data-element_type=\"widget\" data-widget_type=\"heading.default\">\n\t\t\t\t\t<h2 class=\"elementor-heading-title elementor-size-default\">XSYNERGY Marketing \n\n<h5 style=\"margin-top:10px\">Videos, PDFs, Podcast<\/h5><\/h2>\t\t\t\t<\/div>\n\t\t\t\t\t<\/div>\n\t\t\t\t<\/div>\n\t\t\t\t<section class=\"elementor-section elementor-top-section elementor-element elementor-element-14dbea70 elementor-section-full_width elementor-section-height-default elementor-section-height-default\" data-id=\"14dbea70\" data-element_type=\"section\">\n\t\t\t\t\t\t<div class=\"elementor-container elementor-column-gap-no\">\n\t\t\t\t\t\t<\/div>\n\t\t<\/section>\n\t\t\t\t<section class=\"elementor-section elementor-top-section elementor-element elementor-element-58f1627 elementor-section-full_width elementor-section-height-default elementor-section-height-default\" data-id=\"58f1627\" data-element_type=\"section\" data-settings=\"{&quot;background_background&quot;:&quot;classic&quot;}\">\n\t\t\t\t\t\t<div class=\"elementor-container elementor-column-gap-no\">\n\t\t\t\t\t<div class=\"elementor-column elementor-col-100 elementor-top-column elementor-element elementor-element-4120c83\" data-id=\"4120c83\" data-element_type=\"column\">\n\t\t\t<div class=\"elementor-widget-wrap elementor-element-populated\">\n\t\t\t\t\t\t<div class=\"elementor-element elementor-element-0548741 elementor-widget elementor-widget-heading\" data-id=\"0548741\" data-element_type=\"widget\" data-widget_type=\"heading.default\">\n\t\t\t\t\t<h2 class=\"elementor-heading-title elementor-size-default\">Resources by Language<br>\n<h4 style=\"color:white;margin-top:10px\">Click Flag To View<\/h4><\/h2>\t\t\t\t<\/div>\n\t\t\t\t\t<\/div>\n\t\t<\/div>\n\t\t\t\t\t<\/div>\n\t\t<\/section>\n\t\t<div class=\"elementor-element elementor-element-e154200 e-flex e-con-boxed e-con e-parent\" data-id=\"e154200\" data-element_type=\"container\" data-settings=\"{&quot;background_background&quot;:&quot;classic&quot;}\">\n\t\t\t\t\t<div class=\"e-con-inner\">\n\t\t<div class=\"elementor-element elementor-element-518cbe2 e-con-full e-flex e-con e-child\" data-id=\"518cbe2\" data-element_type=\"container\">\n\t\t\t\t<div class=\"elementor-element elementor-element-718910c elementor-widget elementor-widget-text-editor\" data-id=\"718910c\" data-element_type=\"widget\" data-widget_type=\"text-editor.default\">\n\t\t\t\t\t\t\t\t\t<div><h6 style=\"text-align: center;\">USA (English)<\/h6><\/div><p><a href=\"https:\/\/xsynergymarketing.com\/index.php\/english\/\" target=\"_blank\" rel=\"noopener\"><img fetchpriority=\"high\" decoding=\"async\" src=\"https:\/\/xsynergymarketing.com\/wp-content\/uploads\/2025\/09\/USA.png\" alt=\"Girl in a jacket\" width=\"500\" height=\"600\" \/><\/a><\/p><div style=\"text-align: center !important;\"><a style=\"text-align: center; margin-top: 15px !important; color: black;\" href=\"https:\/\/xsynergymarketing.com\/index.php\/english\/\" target=\"_blank\" rel=\"noopener\">Click Flag To Start<\/a><\/div>\t\t\t\t\t\t\t\t<\/div>\n\t\t\t\t<\/div>\n\t\t<div class=\"elementor-element elementor-element-8e8ffa7 e-con-full e-flex e-con e-child\" data-id=\"8e8ffa7\" data-element_type=\"container\">\n\t\t\t\t<div class=\"elementor-element elementor-element-6ac4c86 elementor-widget elementor-widget-text-editor\" data-id=\"6ac4c86\" data-element_type=\"widget\" data-widget_type=\"text-editor.default\">\n\t\t\t\t\t\t\t\t\t<div><h6 style=\"text-align: center !important;\">Spanish(Espa\u00f1ola)<\/h6><\/div><div style=\"text-align: center !important;\"><p><a href=\"https:\/\/xsynergymarketing.com\/index.php\/spanish-2\/\" target=\"_blank\" rel=\"noopener\"><img decoding=\"async\" src=\"https:\/\/xsynergymarketing.com\/wp-content\/uploads\/2025\/09\/Spanish.png\" alt=\"Girl in a jacket\" width=\"500\" height=\"600\" \/><\/a><\/p><div style=\"margin-top: 15px !important;\"><a style=\"text-align: center; margin-top: 15px !important; color: black;\" rel=\"noopener\">Haga clic en la bandera para comenzar<\/a><\/div><\/div>\t\t\t\t\t\t\t\t<\/div>\n\t\t\t\t<\/div>\n\t\t<div class=\"elementor-element elementor-element-54f3211 e-con-full e-flex e-con e-child\" data-id=\"54f3211\" data-element_type=\"container\">\n\t\t\t\t<div class=\"elementor-element elementor-element-601bbfe elementor-widget elementor-widget-text-editor\" data-id=\"601bbfe\" data-element_type=\"widget\" data-widget_type=\"text-editor.default\">\n\t\t\t\t\t\t\t\t\t<div style=\"text-align: center;\"><h6>Hungarian(Magyar)<\/h6><\/div><div style=\"text-align: center !important;\"><p><a href=\"https:\/\/xsynergymarketing.com\/index.php\/hungarian\/\" target=\"_blank\" rel=\"noopener\"><img decoding=\"async\" src=\"https:\/\/xsynergymarketing.com\/wp-content\/uploads\/2025\/09\/Hangarian.png\" alt=\"Girl in a jacket\" width=\"500\" height=\"600\" \/><\/a><\/p><div><div style=\"text-align: center !important; margin-top: 15px !important;\"><a style=\"text-align: center !important; margin-top: 15px !important; color: black;\" href=\"https:\/\/xsynergymarketing.com\/index.php\/hungarian\/ \" target=\"_blank\" rel=\"noopener\">Kattintson a z\u00e1szl\u00f3ra a kezd\u00e9shez<\/a><\/div><\/div><\/div>\t\t\t\t\t\t\t\t<\/div>\n\t\t\t\t<\/div>\n\t\t<div class=\"elementor-element elementor-element-889374a e-con-full e-flex e-con e-child\" data-id=\"889374a\" data-element_type=\"container\">\n\t\t\t\t<div class=\"elementor-element elementor-element-7c6aaf1 elementor-widget elementor-widget-text-editor\" data-id=\"7c6aaf1\" data-element_type=\"widget\" data-widget_type=\"text-editor.default\">\n\t\t\t\t\t\t\t\t\t<div style=\"text-align: center !important;\"><h6>Korea (\ud55c\uad6d)<\/h6><\/div><div style=\"text-align: center !important;\"><p><a href=\"https:\/\/xsynergymarketing.com\/index.php\/korea-2\/\" target=\"_blank\" rel=\"noopener\"><img loading=\"lazy\" decoding=\"async\" src=\"https:\/\/xsynergymarketing.com\/wp-content\/uploads\/2025\/09\/Korea.png\" alt=\"Girl in a jacket\" width=\"500\" height=\"600\" \/><\/a><\/p><div style=\"margin-top: 15px !important;\"><a style=\"text-align: center; margin-top: 15px !important; color: black;\" href=\"https:\/\/xsynergymarketing.com\/index.php\/korea-2\/\" target=\"_blank\" rel=\"noopener\">\uc2dc\uc791\ud558\ub824\uba74 \ud50c\ub798\uadf8\ub97c \ud074\ub9ad\ud558\uc138\uc694<\/a><\/div><\/div>\t\t\t\t\t\t\t\t<\/div>\n\t\t\t\t<\/div>\n\t\t\t\t\t<\/div>\n\t\t\t\t<\/div>\n\t\t<div class=\"elementor-element elementor-element-caf9345 e-flex e-con-boxed e-con e-parent\" data-id=\"caf9345\" data-element_type=\"container\" data-settings=\"{&quot;background_background&quot;:&quot;classic&quot;}\">\n\t\t\t\t\t<div class=\"e-con-inner\">\n\t\t<div class=\"elementor-element elementor-element-f73c4d1 e-con-full e-flex e-con e-child\" data-id=\"f73c4d1\" data-element_type=\"container\">\n\t\t\t\t<div class=\"elementor-element elementor-element-d6a593b elementor-widget elementor-widget-text-editor\" data-id=\"d6a593b\" data-element_type=\"widget\" data-widget_type=\"text-editor.default\">\n\t\t\t\t\t\t\t\t\t<div style=\"text-align: center !important;\">\n<h6>Chinesee(\u4e2d\u570b\u4eba)<\/h6>\n<\/div>\n<div style=\"text-align: center !important;\">\n\n<a href=\"https:\/\/xsynergymarketing.com\/index.php\/chinese-2\/\" target=\"_blank\" rel=\"noopener\"><img loading=\"lazy\" decoding=\"async\" src=\"https:\/\/xsynergymarketing.com\/wp-content\/uploads\/2025\/09\/Chinese.png\" alt=\"Girl in a jacket\" width=\"500\" height=\"600\" \/><\/a>\n<div style=\"margin-top:15px !important;\"><a style=\"text-align: center; color: black;\" href=\"https:\/\/xsynergymarketing.com\/index.php\/chinese-2\/\" target=\"_blank\" rel=\"noopener\">\u9ede\u64ca\u6a19\u8a8c\u958b\u59cb<\/a><\/div>\n<\/div>\t\t\t\t\t\t\t\t<\/div>\n\t\t\t\t<\/div>\n\t\t<div class=\"elementor-element elementor-element-4af1616 e-con-full e-flex e-con e-child\" data-id=\"4af1616\" data-element_type=\"container\">\n\t\t\t\t<div class=\"elementor-element elementor-element-0ccfcda elementor-widget elementor-widget-text-editor\" data-id=\"0ccfcda\" data-element_type=\"widget\" data-widget_type=\"text-editor.default\">\n\t\t\t\t\t\t\t\t\t<div style=\"text-align: center;\">\n<h6>German (Deutsch)<\/h6>\n<\/div>\n<a href=\"https:\/\/xsynergymarketing.com\/index.php\/german-2\/\" target=\"_blank\" rel=\"noopener\"><img loading=\"lazy\" decoding=\"async\" src=\"https:\/\/xsynergymarketing.com\/wp-content\/uploads\/2025\/09\/German.png\" alt=\"Girl in a jacket\" width=\"500\" height=\"600\" \/><\/a>\n<div style=\"margin-top:15px !important;\"><a style=\"text-align: center; margin-top: 15px !important; color: black;\" href=\"https:\/\/xsynergymarketing.com\/index.php\/german-2\/\" target=\"_blank\" rel=\"noopener\">Klicken Sie auf die Flagge, um zu beginnen<\/a><\/div>\t\t\t\t\t\t\t\t<\/div>\n\t\t\t\t<\/div>\n\t\t<div class=\"elementor-element elementor-element-fcddae6 e-con-full e-flex e-con e-child\" data-id=\"fcddae6\" data-element_type=\"container\">\n\t\t\t\t<div class=\"elementor-element elementor-element-53ba0ce elementor-widget elementor-widget-text-editor\" data-id=\"53ba0ce\" data-element_type=\"widget\" data-widget_type=\"text-editor.default\">\n\t\t\t\t\t\t\t\t\t<div style=\"text-align: center !important;\">\n<h6>Thai (\u0e41\u0e1a\u0e1a\u0e44\u0e17\u0e22)<\/h6>\n<\/div>\n<div style=\"text-align: center !important;\"><a href=\"https:\/\/xsynergymarketing.com\/index.php\/thai-2\/\" target=\"_blank\" rel=\"noopener\"><img loading=\"lazy\" decoding=\"async\" src=\"https:\/\/xsynergymarketing.com\/wp-content\/uploads\/2025\/09\/Thai.jpg\" alt=\"Girl in a jacket\" width=\"500\" height=\"600\" \/><\/a>\n<div style=\"margin-top:15px !important;\"><a style=\"text-align: center; margin-top: 15px !important; color: black;\" href=\"https:\/\/xsynergymarketing.com\/index.php\/thai-2\/\" target=\"_blank\" rel=\"noopener\">\u0e04\u0e25\u0e34\u0e01\u0e18\u0e07\u0e40\u0e1e\u0e37\u0e48\u0e2d\u0e40\u0e23\u0e34\u0e48\u0e21\u0e15\u0e49\u0e19<\/a><\/div><\/div>\t\t\t\t\t\t\t\t<\/div>\n\t\t\t\t<\/div>\n\t\t<div class=\"elementor-element elementor-element-afc0ea7 e-con-full e-flex e-con e-child\" data-id=\"afc0ea7\" data-element_type=\"container\">\n\t\t\t\t<div class=\"elementor-element elementor-element-5fb22fc elementor-widget elementor-widget-text-editor\" data-id=\"5fb22fc\" data-element_type=\"widget\" data-widget_type=\"text-editor.default\">\n\t\t\t\t\t\t\t\t\t<div style=\"text-align: center !important;\">\n<h6 style=\"font-size: 12px;\">Vietnamese(Ti\u1ebfng Vi\u1ec7t)<\/h6>\n<\/div>\n<a href=\"https:\/\/xsynergymarketing.com\/index.php\/vietnamese-2\/\" target=\"_blank\" rel=\"noopener\"><img loading=\"lazy\" decoding=\"async\" src=\"https:\/\/xsynergymarketing.com\/wp-content\/uploads\/2025\/09\/vietnamese.png\" alt=\"Girl in a jacket\" width=\"500\" height=\"600\" \/><\/a>\n<div style=\"text-align: center !important; margin-top:15px !important;\"><a style=\"text-align: ccenter !important; margin-top: 15px !important; color: black;\" href=\"https:\/\/xsynergymarketing.com\/index.php\/vietnamese-2\/\" target=\"_blank\" rel=\"noopener\">Nh\u1ea5p v\u00e0o c\u1edd \u0111\u1ec3 b\u1eaft \u0111\u1ea7u<\/a><\/div>\t\t\t\t\t\t\t\t<\/div>\n\t\t\t\t<\/div>\n\t\t\t\t\t<\/div>\n\t\t\t\t<\/div>\n\t\t<div class=\"elementor-element elementor-element-e935e4b e-flex e-con-boxed e-con e-parent\" data-id=\"e935e4b\" data-element_type=\"container\" data-settings=\"{&quot;background_background&quot;:&quot;classic&quot;}\">\n\t\t\t\t\t<div class=\"e-con-inner\">\n\t\t<div class=\"elementor-element elementor-element-1d43b5f e-con-full e-flex e-con e-child\" data-id=\"1d43b5f\" data-element_type=\"container\">\n\t\t\t\t<div class=\"elementor-element elementor-element-c0568e9 elementor-widget elementor-widget-text-editor\" data-id=\"c0568e9\" data-element_type=\"widget\" data-widget_type=\"text-editor.default\">\n\t\t\t\t\t\t\t\t\t<div style=\"text-align: center !important;\"><h6 style=\"font-size: 12px;\">Portuguese(Portugu\u00eas)<\/h6><\/div><p><a href=\"https:\/\/xsynergymarketing.com\/index.php\/portuguese-2\/\" target=\"_blank\" rel=\"noopener\"><img loading=\"lazy\" decoding=\"async\" src=\"https:\/\/xsynergymarketing.com\/wp-content\/uploads\/2025\/09\/portuguese.png\" alt=\"Girl in a jacket\" width=\"500\" height=\"600\" \/><\/a><\/p><h6 style=\"text-align: center; margin-top: 15px !important; color: black;\">Clique na bandeira para come\u00e7ar<\/h6>\t\t\t\t\t\t\t\t<\/div>\n\t\t\t\t<\/div>\n\t\t<div class=\"elementor-element elementor-element-6c18a26 e-con-full e-flex e-con e-child\" data-id=\"6c18a26\" data-element_type=\"container\">\n\t\t\t\t<div class=\"elementor-element elementor-element-4f0e0fb elementor-widget elementor-widget-text-editor\" data-id=\"4f0e0fb\" data-element_type=\"widget\" data-widget_type=\"text-editor.default\">\n\t\t\t\t\t\t\t\t\t<div style=\"text-align: center !important;\">\n<h6>Italy (Italia)<\/h6>\n<\/div>\n<div style=\"text-align: center !important;\"><a href=\"https:\/\/xsynergymarketing.com\/index.php\/italy-2\/\" target=\"_blank\" rel=\"noopener\"><img loading=\"lazy\" decoding=\"async\" src=\"https:\/\/xsynergymarketing.com\/wp-content\/uploads\/2025\/09\/Italy.png\" alt=\"Girl in a jacket\" width=\"500\" height=\"600\" \/><\/a>\n<div style=\"margin-top:15px !important;\"><a style=\"text-align: center; margin-top: 15px !important; color: black;\" href=\"https:\/\/xsynergymarketing.com\/index.php\/italy-2\/\" target=\"_blank\" rel=\"noopener\">Clicca sulla bandiera per iniziare<\/a><\/div><\/div>\t\t\t\t\t\t\t\t<\/div>\n\t\t\t\t<\/div>\n\t\t<div class=\"elementor-element elementor-element-06f66c8 e-con-full e-flex e-con e-child\" data-id=\"06f66c8\" data-element_type=\"container\">\n\t\t\t\t<div class=\"elementor-element elementor-element-5aff5c9 elementor-widget elementor-widget-text-editor\" data-id=\"5aff5c9\" data-element_type=\"widget\" data-widget_type=\"text-editor.default\">\n\t\t\t\t\t\t\t\t\t<div style=\"text-align: center !important;\"><h6>French (Fran\u00e7ais)<\/h6><\/div><p><a href=\"https:\/\/xsynergymarketing.com\/index.php\/french-2\/\" target=\"_blank\" rel=\"noopener\"><img loading=\"lazy\" decoding=\"async\" src=\"https:\/\/xsynergymarketing.com\/wp-content\/uploads\/2025\/09\/French.png\" alt=\"Girl in a jacket\" width=\"500\" height=\"600\" \/><\/a><\/p><div style=\"text-align: center !important;\"><p><a style=\"text-align: center; margin-top: 15px !important; color: black;\" href=\"https:\/\/xsynergymarketing.com\/index.php\/french-2\/\" target=\"_blank\" rel=\"noopener\">Cliquez sur le drapeau pour commencer<\/a><\/p><\/div>\t\t\t\t\t\t\t\t<\/div>\n\t\t\t\t<\/div>\n\t\t<div class=\"elementor-element elementor-element-6c885e6 e-con-full e-flex e-con e-child\" data-id=\"6c885e6\" data-element_type=\"container\">\n\t\t\t\t<div class=\"elementor-element elementor-element-3548568 elementor-widget elementor-widget-text-editor\" data-id=\"3548568\" data-element_type=\"widget\" data-widget_type=\"text-editor.default\">\n\t\t\t\t\t\t\t\t\t<div>\n<h6 style=\"text-align: center !important;\">Sweden (Sverige)<\/h6>\n<\/div>\n<div style=\"text-align: center !important;\"><a href=\"https:\/\/xsynergymarketing.com\/index.php\/sweden-2\/\" target=\"_blank\" rel=\"noopener\"><img loading=\"lazy\" decoding=\"async\" src=\"https:\/\/xsynergymarketing.com\/wp-content\/uploads\/2025\/09\/Sweden.png\" alt=\"Girl in a jacket\" width=\"500\" height=\"600\" \/><\/a>\n<div style=\"margin-top:15px !important;\"><a style=\"text-align: center; margin-top: 15px !important; color: black;\" href=\"https:\/\/xsynergymarketing.com\/index.php\/sweden-2\/\" target=\"_blank\" rel=\"noopener\">Klicka p\u00e5 flaggan f\u00f6r att starta<\/a><\/div><\/div>\t\t\t\t\t\t\t\t<\/div>\n\t\t\t\t<\/div>\n\t\t\t\t\t<\/div>\n\t\t\t\t<\/div>\n\t\t<div class=\"elementor-element elementor-element-a5ddb8b e-flex e-con-boxed e-con e-parent\" data-id=\"a5ddb8b\" data-element_type=\"container\" data-settings=\"{&quot;background_background&quot;:&quot;classic&quot;}\">\n\t\t\t\t\t<div class=\"e-con-inner\">\n\t\t<div class=\"elementor-element elementor-element-167e976 e-con-full e-flex e-con e-child\" data-id=\"167e976\" data-element_type=\"container\">\n\t\t\t\t<div class=\"elementor-element elementor-element-e8b89cb elementor-widget elementor-widget-text-editor\" data-id=\"e8b89cb\" data-element_type=\"widget\" data-widget_type=\"text-editor.default\">\n\t\t\t\t\t\t\t\t\t<div style=\"text-align: center !important;\">\n<h6>India (\u092d\u093e\u0930\u0924)<\/h6>\n<\/div>\n<a href=\"https:\/\/xsynergymarketing.com\/index.php\/india-2\/\" target=\"_blank\" rel=\"noopener\"><img loading=\"lazy\" decoding=\"async\" src=\"https:\/\/xsynergymarketing.com\/wp-content\/uploads\/2025\/09\/India.png\" alt=\"Girl in a jacket\" width=\"500\" height=\"600\" \/><\/a>\n<div style=\"margin-top:15px;\"><a style=\"color:black !important;\" href=\"https:\/\/xsynergymarketing.com\/index.php\/india-2\/\" target=\"_blank\">\u092a\u094d\u0930\u093e\u0930\u0902\u092d \u0915\u0930\u0928\u0947 \u0915\u0947 \u0932\u093f\u090f \u0927\u094d\u0935\u091c \u092a\u0930 \u0915\u094d\u0932\u093f\u0915 \u0915\u0930\u0947\u0902<\/a><\/div>\t\t\t\t\t\t\t\t<\/div>\n\t\t\t\t<\/div>\n\t\t<div class=\"elementor-element elementor-element-00f1c9f e-con-full e-flex e-con e-child\" data-id=\"00f1c9f\" data-element_type=\"container\">\n\t\t\t\t<div class=\"elementor-element elementor-element-fe36942 elementor-widget elementor-widget-text-editor\" data-id=\"fe36942\" data-element_type=\"widget\" data-widget_type=\"text-editor.default\">\n\t\t\t\t\t\t\t\t\t<div style=\"text-align: center !important;\">\n<h6>Croatia (Hrvatska)<\/h6>\n<\/div>\n<div style=\"text-align: center !important;\"><a href=\"https:\/\/xsynergymarketing.com\/index.php\/croatia\/\" target=\"_blank\" rel=\"noopener\"><img loading=\"lazy\" decoding=\"async\" src=\"https:\/\/xsynergymarketing.com\/wp-content\/uploads\/2025\/09\/Croatian.jpg\" alt=\"Girl in a jacket\" width=\"500\" height=\"600\" \/><\/a>\n<div style=\"margin-top:15px !important;\"><a style=\"text-align: center; margin-top: 15px !important; color: black;\" href=\"https:\/\/xsynergymarketing.com\/index.php\/croatia\/\" target=\"_blank\" rel=\"noopener\">Kliknite na Zastavi za po\u010detak<\/a><\/div><\/div>\t\t\t\t\t\t\t\t<\/div>\n\t\t\t\t<\/div>\n\t\t<div class=\"elementor-element elementor-element-7088db1 e-con-full e-flex e-con e-child\" data-id=\"7088db1\" data-element_type=\"container\">\n\t\t\t\t<div class=\"elementor-element elementor-element-070a431 elementor-widget elementor-widget-text-editor\" data-id=\"070a431\" data-element_type=\"widget\" data-widget_type=\"text-editor.default\">\n\t\t\t\t\t\t\t\t\t<div style=\"text-align: center !important;\">\n<h6>Romania (Rom\u00e2nia)<\/h6>\n<\/div>\n<a href=\"https:\/\/xsynergymarketing.com\/index.php\/romania\/\" target=\"_blank\" rel=\"noopener\"><img loading=\"lazy\" decoding=\"async\" src=\"https:\/\/xsynergymarketing.com\/wp-content\/uploads\/2025\/09\/Flag-Romania.webp\" alt=\"Girl in a jacket\" width=\"500\" height=\"600\" \/><\/a>\n<div style=\"text-align: center !important;\">\n\n<div style=\"margin-top:15px !important;\"><a style=\"text-align: center; margin-top: 15px !important; color: black;\" href=\"https:\/\/xsynergymarketing.com\/index.php\/romania\/\" target=\"_blank\" rel=\"noopener\">Face\u021bi clic pe Steagul pentru a \u00eencepe<\/a>\n\n<\/div><\/div>\t\t\t\t\t\t\t\t<\/div>\n\t\t\t\t<\/div>\n\t\t<div class=\"elementor-element elementor-element-359aea8 e-con-full e-flex e-con e-child\" data-id=\"359aea8\" data-element_type=\"container\">\n\t\t\t\t<div class=\"elementor-element elementor-element-aa875b3 elementor-widget elementor-widget-text-editor\" data-id=\"aa875b3\" data-element_type=\"widget\" data-widget_type=\"text-editor.default\">\n\t\t\t\t\t\t\t\t\t<div>\n<h6 style=\"text-align: center !important;\">Serbia (\u0421\u0440\u0431\u0438\u0458\u0430)<\/h6>\n<\/div>\n<div style=\"text-align: center !important;\"><a href=\"https:\/\/xsynergymarketing.com\/index.php\/serbia\/\" target=\"_blank\" rel=\"noopener\"><img loading=\"lazy\" decoding=\"async\" src=\"https:\/\/xsynergymarketing.com\/wp-content\/uploads\/2025\/09\/Flag-Serbia.webp\" alt=\"Girl in a jacket\" width=\"500\" height=\"600\" \/><\/a>\n<div style=\"margin-top:15px\"><a style=\"text-align: center; margin-top: 15px !important; color: black;\" href=\"https:\/\/xsynergymarketing.com\/index.php\/serbia\/\" target=\"_blank\" rel=\"noopener\">\u041a\u043b\u0438\u043a\u043d\u0438\u0442\u0435 \u043d\u0430 \u041e\u0437\u043d\u0430\u0447\u0438 \u0434\u0430 \u0431\u0438\u0441\u0442\u0435 \u0437\u0430\u043f\u043e\u0447\u0435\u043b\u0438<\/a><\/div><\/div>\t\t\t\t\t\t\t\t<\/div>\n\t\t\t\t<\/div>\n\t\t\t\t\t<\/div>\n\t\t\t\t<\/div>\n\t\t<div class=\"elementor-element elementor-element-58286b2 e-flex e-con-boxed e-con e-parent\" data-id=\"58286b2\" data-element_type=\"container\" data-settings=\"{&quot;background_background&quot;:&quot;classic&quot;}\">\n\t\t\t\t\t<div class=\"e-con-inner\">\n\t\t<div class=\"elementor-element elementor-element-6e6a9f3 e-con-full e-flex e-con e-child\" data-id=\"6e6a9f3\" data-element_type=\"container\">\n\t\t\t\t<div class=\"elementor-element elementor-element-c4ca39e elementor-widget elementor-widget-text-editor\" data-id=\"c4ca39e\" data-element_type=\"widget\" data-widget_type=\"text-editor.default\">\n\t\t\t\t\t\t\t\t\t<div style=\"text-align: center !important;\">\n<h6>\u0627\u0644\u0645\u0645\u0644\u0643\u0629 \u0627\u0644\u0639\u0631\u0628\u064a\u0629 \u0627\u0644\u0633\u0639\u0648\u062f\u064a\u0629<\/h6>\n<\/div>\n<a href=\"https:\/\/xsynergymarketing.com\/index.php\/saudi-arabia\/\" target=\"_blank\" rel=\"noopener\"><img loading=\"lazy\" decoding=\"async\" src=\"https:\/\/xsynergymarketing.com\/wp-content\/uploads\/2025\/10\/Flag_of_Saudi_Arabia.svg.png\" alt=\"Girl in a jacket\" width=\"500\" height=\"600\" \/><\/a>\n<div style=\"margin-top: 15px; text-align:center !important;\"><a style=\"color: black !important;\" href=\"https:\/\/xsynergymarketing.com\/index.php\/saudi-arabia\/\" target=\"_blank\" rel=\"noopener\">\u0627\u0646\u0642\u0631 \u0641\u0648\u0642 \u0627\u0644\u0639\u0644\u0645 \u0644\u0644\u0628\u062f\u0621<\/a><\/div>\t\t\t\t\t\t\t\t<\/div>\n\t\t\t\t<\/div>\n\t\t<div class=\"elementor-element elementor-element-074e3b5 e-con-full e-flex e-con e-child\" data-id=\"074e3b5\" data-element_type=\"container\">\n\t\t\t\t<\/div>\n\t\t<div class=\"elementor-element elementor-element-5623705 e-con-full e-flex e-con e-child\" data-id=\"5623705\" data-element_type=\"container\">\n\t\t\t\t<\/div>\n\t\t<div class=\"elementor-element elementor-element-6aef034 e-con-full e-flex e-con e-child\" data-id=\"6aef034\" data-element_type=\"container\">\n\t\t\t\t<\/div>\n\t\t\t\t\t<\/div>\n\t\t\t\t<\/div>\n\t\t\t\t<\/div>\n\t\t","protected":false},"excerpt":{"rendered":"<p>XSYNERGY Marketing Videos, PDFs, Podcast Resources by Language Click Flag To View USA (English) Click Flag To Start Spanish(Espa\u00f1ola) Haga clic en la bandera para comenzar Hungarian(Magyar) Kattintson a z\u00e1szl\u00f3ra a kezd\u00e9shez Korea (\ud55c\uad6d) \uc2dc\uc791\ud558\ub824\uba74 \ud50c\ub798\uadf8\ub97c \ud074\ub9ad\ud558\uc138\uc694 Chinesee(\u4e2d\u570b\u4eba) \u9ede\u64ca\u6a19\u8a8c\u958b\u59cb German (Deutsch) Klicken Sie auf die Flagge, um zu beginnen Thai (\u0e41\u0e1a\u0e1a\u0e44\u0e17\u0e22) \u0e04\u0e25\u0e34\u0e01\u0e18\u0e07\u0e40\u0e1e\u0e37\u0e48\u0e2d\u0e40\u0e23\u0e34\u0e48\u0e21\u0e15\u0e49\u0e19 Vietnamese(Ti\u1ebfng Vi\u1ec7t) Nh\u1ea5p [&hellip;]<\/p>\n","protected":false},"author":1,"featured_media":0,"parent":0,"menu_order":0,"comment_status":"closed","ping_status":"closed","template":"elementor_header_footer","meta":{"_acf_changed":false,"_bbp_topic_count":0,"_bbp_reply_count":0,"_bbp_total_topic_count":0,"_bbp_total_reply_count":0,"_bbp_voice_count":0,"_bbp_anonymous_reply_count":0,"_bbp_topic_count_hidden":0,"_bbp_reply_count_hidden":0,"_bbp_forum_subforum_count":0,"_monsterinsights_skip_tracking":false,"_monsterinsights_sitenote_active":false,"_monsterinsights_sitenote_note":"","_monsterinsights_sitenote_category":0,"footnotes":""},"class_list":["post-5554","page","type-page","status-publish","hentry","no-post-thumbnail"],"acf":[],"aioseo_notices":[],"_links":{"self":[{"href":"https:\/\/xsynergymarketing.com\/index.php\/wp-json\/wp\/v2\/pages\/5554","targetHints":{"allow":["GET"]}}],"collection":[{"href":"https:\/\/xsynergymarketing.com\/index.php\/wp-json\/wp\/v2\/pages"}],"about":[{"href":"https:\/\/xsynergymarketing.com\/index.php\/wp-json\/wp\/v2\/types\/page"}],"author":[{"embeddable":true,"href":"https:\/\/xsynergymarketing.com\/index.php\/wp-json\/wp\/v2\/users\/1"}],"replies":[{"embeddable":true,"href":"https:\/\/xsynergymarketing.com\/index.php\/wp-json\/wp\/v2\/comments?post=5554"}],"version-history":[{"count":687,"href":"https:\/\/xsynergymarketing.com\/index.php\/wp-json\/wp\/v2\/pages\/5554\/revisions"}],"predecessor-version":[{"id":8966,"href":"https:\/\/xsynergymarketing.com\/index.php\/wp-json\/wp\/v2\/pages\/5554\/revisions\/8966"}],"wp:attachment":[{"href":"https:\/\/xsynergymarketing.com\/index.php\/wp-json\/wp\/v2\/media?parent=5554"}],"curies":[{"name":"wp","href":"https:\/\/api.w.org\/{rel}","templated":true}]}}